{"id":1531,"date":"2022-07-14T07:33:28","date_gmt":"2022-07-14T07:33:28","guid":{"rendered":"https:\/\/mallorcadisseny.com\/elguiahotel\/hotel\/"},"modified":"2024-02-23T12:09:24","modified_gmt":"2024-02-23T12:09:24","slug":"hotel","status":"publish","type":"page","link":"https:\/\/www.hotelelguia.com\/de\/hotel\/","title":{"rendered":"Hotel"},"content":{"rendered":"\t\t<div data-elementor-type=\"wp-page\" data-elementor-id=\"1531\" class=\"elementor elementor-1531\">\n\t\t\t\t\t\t<section class=\"elementor-section elementor-top-section elementor-element elementor-element-71070462 elementor-section-height-min-height elementor-section-full_width elementor-section-height-default elementor-section-items-middle\" data-id=\"71070462\" data-element_type=\"section\" data-settings=\"{&quot;background_background&quot;:&quot;slideshow&quot;,&quot;background_slideshow_gallery&quot;:[{&quot;id&quot;:628,&quot;url&quot;:&quot;https:\\\/\\\/www.hotelelguia.com\\\/wp-content\\\/uploads\\\/2022\\\/07\\\/terraza_ok.webp&quot;},{&quot;id&quot;:626,&quot;url&quot;:&quot;https:\\\/\\\/www.hotelelguia.com\\\/wp-content\\\/uploads\\\/2022\\\/07\\\/habitacion8.webp&quot;},{&quot;id&quot;:632,&quot;url&quot;:&quot;https:\\\/\\\/www.hotelelguia.com\\\/wp-content\\\/uploads\\\/2022\\\/07\\\/salon.webp&quot;},{&quot;id&quot;:627,&quot;url&quot;:&quot;https:\\\/\\\/www.hotelelguia.com\\\/wp-content\\\/uploads\\\/2022\\\/07\\\/mesa-terraza.webp&quot;}],&quot;background_slideshow_lazyload&quot;:&quot;yes&quot;,&quot;background_slideshow_loop&quot;:&quot;yes&quot;,&quot;background_slideshow_slide_duration&quot;:5000,&quot;background_slideshow_slide_transition&quot;:&quot;fade&quot;,&quot;background_slideshow_transition_duration&quot;:500}\">\n\t\t\t\t\t\t\t<div class=\"elementor-background-overlay\"><\/div>\n\t\t\t\t\t\t\t<div class=\"elementor-container elementor-column-gap-no\">\n\t\t\t\t\t<div class=\"elementor-column elementor-col-100 elementor-top-column elementor-element elementor-element-6ad51616\" data-id=\"6ad51616\" data-element_type=\"column\" data-settings=\"{&quot;background_background&quot;:&quot;classic&quot;}\">\n\t\t\t<div class=\"elementor-widget-wrap elementor-element-populated\">\n\t\t\t\t\t<div class=\"elementor-background-overlay\"><\/div>\n\t\t\t\t\t\t<div class=\"elementor-element elementor-element-877a095 titsombra elementor-widget elementor-widget-heading\" data-id=\"877a095\" data-element_type=\"widget\" data-widget_type=\"heading.default\">\n\t\t\t\t<div class=\"elementor-widget-container\">\n\t\t\t\t\t<h1 class=\"elementor-heading-title elementor-size-default\">Das Hotel<\/h1>\t\t\t\t<\/div>\n\t\t\t\t<\/div>\n\t\t\t\t\t<\/div>\n\t\t<\/div>\n\t\t\t\t\t<\/div>\n\t\t<\/section>\n\t\t\t\t<section class=\"elementor-section elementor-top-section elementor-element elementor-element-a08aab3 elementor-section-content-middle elementor-section-boxed elementor-section-height-default elementor-section-height-default\" data-id=\"a08aab3\" data-element_type=\"section\">\n\t\t\t\t\t\t<div class=\"elementor-container elementor-column-gap-extended\">\n\t\t\t\t\t<div class=\"elementor-column elementor-col-100 elementor-top-column elementor-element elementor-element-3a840df\" data-id=\"3a840df\" data-element_type=\"column\">\n\t\t\t<div class=\"elementor-widget-wrap elementor-element-populated\">\n\t\t\t\t\t\t<div class=\"elementor-element elementor-element-37feb15 h2petit elementor-widget elementor-widget-heading\" data-id=\"37feb15\" data-element_type=\"widget\" data-widget_type=\"heading.default\">\n\t\t\t\t<div class=\"elementor-widget-container\">\n\t\t\t\t\t<h2 class=\"elementor-heading-title elementor-size-default\">HOTEL EL GU\u00cdA<\/h2>\t\t\t\t<\/div>\n\t\t\t\t<\/div>\n\t\t\t\t<div class=\"elementor-element elementor-element-4c3603a titperso38 elementor-widget elementor-widget-heading\" data-id=\"4c3603a\" data-element_type=\"widget\" data-widget_type=\"heading.default\">\n\t\t\t\t<div class=\"elementor-widget-container\">\n\t\t\t\t\t<div class=\"elementor-heading-title elementor-size-default\">Das Hotel blickt auf eine \u00fcber einhundertj\u00e4hrige Geschichte und konnte sich seinen Charme bewahren.<\/div>\t\t\t\t<\/div>\n\t\t\t\t<\/div>\n\t\t\t\t<div class=\"elementor-element elementor-element-ffa88d8 elementor-widget elementor-widget-text-editor\" data-id=\"ffa88d8\" data-element_type=\"widget\" data-widget_type=\"text-editor.default\">\n\t\t\t\t<div class=\"elementor-widget-container\">\n\t\t\t\t\t\t\t\t\t<p>Das kleine Hotel-Restaurant El Gu\u00eda befindet sich mitten im Ortszentrum von S\u00f3ller, neben dem Bahnhof und unweit des Hauptplatzes.<\/p><p>Das Hotel ist eines der \u00e4ltesten von Mallorca \u00fcberhaupt (Gr\u00fcndung 1880) und konnte den Charakter und Charme seiner Innenr\u00e4ume sowie die traditionellen architektonischen Merkmale des Geb\u00e4udes bewahren. Dieses einzigartige Hotel besticht durch sein echt mallorquinisches Ambiente und eine besonders umsichtige G\u00e4stebetreuung, auch wenn seine Einrichtungen nicht unbedingt gro\u00df sind.<\/p><p>Das Hotel wurde vor Kurzem umgebaut und modernisiert, wobei jedoch der traditionelle historische Stil und Charme des Hotels erhalten wurden.<\/p><p>Einige Zimmer bieten einen beeindruckenden Blick auf die Serra de Tramuntana sowie auf den imposanten Glockenturm der Kirche.<\/p><p>Das Hotel zeichnet sich durch seine ruhige, gem\u00fctliche und entspannte Atmosph\u00e4re aus, die eine warmherzige und freundliche Betreuung der Hotelg\u00e4ste m\u00f6glich macht und entscheidend zu einem gelungenen Aufenthalt beitr\u00e4gt.<\/p><p>Das Hotel ist f\u00fcr Wanderer ein idealer Standort. Das Tal von S\u00f3ller und seine Umgebung sind atemberaubend sch\u00f6n und wurden von der UNESCO im Jahre 2011 zum Weltnaturerbe erkl\u00e4rt.<\/p>\t\t\t\t\t\t\t\t<\/div>\n\t\t\t\t<\/div>\n\t\t\t\t\t<\/div>\n\t\t<\/div>\n\t\t\t\t\t<\/div>\n\t\t<\/section>\n\t\t\t\t<\/div>\n\t\t","protected":false},"excerpt":{"rendered":"<p>Das Hotel HOTEL EL GU\u00cdA Das Hotel blickt auf eine \u00fcber einhundertj\u00e4hrige Geschichte und konnte sich seinen Charme bewahren. Das kleine Hotel-Restaurant El Gu\u00eda befindet sich mitten im Ortszentrum von S\u00f3ller, neben dem Bahnhof und unweit des Hauptplatzes. Das Hotel ist eines der \u00e4ltesten von Mallorca \u00fcberhaupt (Gr\u00fcndung 1880) und konnte den Charakter und Charme [&hellip;]<\/p>\n","protected":false},"author":1,"featured_media":0,"parent":0,"menu_order":0,"comment_status":"closed","ping_status":"closed","template":"elementor_header_footer","meta":{"footnotes":""},"class_list":["post-1531","page","type-page","status-publish","hentry"],"_links":{"self":[{"href":"https:\/\/www.hotelelguia.com\/de\/wp-json\/wp\/v2\/pages\/1531","targetHints":{"allow":["GET"]}}],"collection":[{"href":"https:\/\/www.hotelelguia.com\/de\/wp-json\/wp\/v2\/pages"}],"about":[{"href":"https:\/\/www.hotelelguia.com\/de\/wp-json\/wp\/v2\/types\/page"}],"author":[{"embeddable":true,"href":"https:\/\/www.hotelelguia.com\/de\/wp-json\/wp\/v2\/users\/1"}],"replies":[{"embeddable":true,"href":"https:\/\/www.hotelelguia.com\/de\/wp-json\/wp\/v2\/comments?post=1531"}],"version-history":[{"count":3,"href":"https:\/\/www.hotelelguia.com\/de\/wp-json\/wp\/v2\/pages\/1531\/revisions"}],"predecessor-version":[{"id":1599,"href":"https:\/\/www.hotelelguia.com\/de\/wp-json\/wp\/v2\/pages\/1531\/revisions\/1599"}],"wp:attachment":[{"href":"https:\/\/www.hotelelguia.com\/de\/wp-json\/wp\/v2\/media?parent=1531"}],"curies":[{"name":"wp","href":"https:\/\/api.w.org\/{rel}","templated":true}]}}

<div data-elementor-type="wp-page" data-elementor-id="1531" class="elementor elementor-1531">
						<section class="elementor-section elementor-top-section elementor-element elementor-element-71070462 elementor-section-height-min-height elementor-section-full_width elementor-section-height-default elementor-section-items-middle" data-id="71070462" data-element_type="section" data-settings="{&quot;background_background&quot;:&quot;slideshow&quot;,&quot;background_slideshow_gallery&quot;:[{&quot;id&quot;:628,&quot;url&quot;:&quot;https:\/\/www.hotelelguia.com\/wp-content\/uploads\/2022\/07\/terraza_ok.webp&quot;},{&quot;id&quot;:626,&quot;url&quot;:&quot;https:\/\/www.hotelelguia.com\/wp-content\/uploads\/2022\/07\/habitacion8.webp&quot;},{&quot;id&quot;:632,&quot;url&quot;:&quot;https:\/\/www.hotelelguia.com\/wp-content\/uploads\/2022\/07\/salon.webp&quot;},{&quot;id&quot;:627,&quot;url&quot;:&quot;https:\/\/www.hotelelguia.com\/wp-content\/uploads\/2022\/07\/mesa-terraza.webp&quot;}],&quot;background_slideshow_lazyload&quot;:&quot;yes&quot;,&quot;background_slideshow_loop&quot;:&quot;yes&quot;,&quot;background_slideshow_slide_duration&quot;:5000,&quot;background_slideshow_slide_transition&quot;:&quot;fade&quot;,&quot;background_slideshow_transition_duration&quot;:500}">
							<div class="elementor-background-overlay"></div>
							<div class="elementor-container elementor-column-gap-no">
					<div class="elementor-column elementor-col-100 elementor-top-column elementor-element elementor-element-6ad51616" data-id="6ad51616" data-element_type="column" data-settings="{&quot;background_background&quot;:&quot;classic&quot;}">
			<div class="elementor-widget-wrap elementor-element-populated">
					<div class="elementor-background-overlay"></div>
						<div class="elementor-element elementor-element-877a095 titsombra elementor-widget elementor-widget-heading" data-id="877a095" data-element_type="widget" data-widget_type="heading.default">
				<div class="elementor-widget-container">
					<h1 class="elementor-heading-title elementor-size-default">Das Hotel</h1>				</div>
				</div>
					</div>
		</div>
					</div>
		</section>
				<section class="elementor-section elementor-top-section elementor-element elementor-element-a08aab3 elementor-section-content-middle elementor-section-boxed elementor-section-height-default elementor-section-height-default" data-id="a08aab3" data-element_type="section">
						<div class="elementor-container elementor-column-gap-extended">
					<div class="elementor-column elementor-col-100 elementor-top-column elementor-element elementor-element-3a840df" data-id="3a840df" data-element_type="column">
			<div class="elementor-widget-wrap elementor-element-populated">
						<div class="elementor-element elementor-element-37feb15 h2petit elementor-widget elementor-widget-heading" data-id="37feb15" data-element_type="widget" data-widget_type="heading.default">
				<div class="elementor-widget-container">
					<h2 class="elementor-heading-title elementor-size-default">HOTEL EL GUÍA</h2>				</div>
				</div>
				<div class="elementor-element elementor-element-4c3603a titperso38 elementor-widget elementor-widget-heading" data-id="4c3603a" data-element_type="widget" data-widget_type="heading.default">
				<div class="elementor-widget-container">
					<div class="elementor-heading-title elementor-size-default">Das Hotel blickt auf eine über einhundertjährige Geschichte und konnte sich seinen Charme bewahren.</div>				</div>
				</div>
				<div class="elementor-element elementor-element-ffa88d8 elementor-widget elementor-widget-text-editor" data-id="ffa88d8" data-element_type="widget" data-widget_type="text-editor.default">
				<div class="elementor-widget-container">
									<p>Das kleine Hotel-Restaurant El Guía befindet sich mitten im Ortszentrum von Sóller, neben dem Bahnhof und unweit des Hauptplatzes.</p><p>Das Hotel ist eines der ältesten von Mallorca überhaupt (Gründung 1880) und konnte den Charakter und Charme seiner Innenräume sowie die traditionellen architektonischen Merkmale des Gebäudes bewahren. Dieses einzigartige Hotel besticht durch sein echt mallorquinisches Ambiente und eine besonders umsichtige Gästebetreuung, auch wenn seine Einrichtungen nicht unbedingt groß sind.</p><p>Das Hotel wurde vor Kurzem umgebaut und modernisiert, wobei jedoch der traditionelle historische Stil und Charme des Hotels erhalten wurden.</p><p>Einige Zimmer bieten einen beeindruckenden Blick auf die Serra de Tramuntana sowie auf den imposanten Glockenturm der Kirche.</p><p>Das Hotel zeichnet sich durch seine ruhige, gemütliche und entspannte Atmosphäre aus, die eine warmherzige und freundliche Betreuung der Hotelgäste möglich macht und entscheidend zu einem gelungenen Aufenthalt beiträgt.</p><p>Das Hotel ist für Wanderer ein idealer Standort. Das Tal von Sóller und seine Umgebung sind atemberaubend schön und wurden von der UNESCO im Jahre 2011 zum Weltnaturerbe erklärt.</p>								</div>
				</div>
					</div>
		</div>
					</div>
		</section>
				</div>

<p>Das Hotel HOTEL EL GUÍA Das Hotel blickt auf eine über einhundertjährige Geschichte und konnte sich seinen Charme bewahren. Das kleine Hotel-Restaurant El Guía befindet sich mitten im Ortszentrum von Sóller, neben dem Bahnhof und unweit des Hauptplatzes. Das Hotel ist eines der ältesten von Mallorca überhaupt (Gründung 1880) und konnte den Charakter und Charme [&hellip;]</p>
